{"id":162,"date":"2021-07-01T21:39:36","date_gmt":"2021-07-01T21:39:36","guid":{"rendered":"https:\/\/soporteyserviciosteletec.com\/?page_id=162"},"modified":"2022-09-29T16:18:36","modified_gmt":"2022-09-29T16:18:36","slug":"faq","status":"publish","type":"page","link":"https:\/\/soporteyserviciosteletec.com\/index.php\/faq\/","title":{"rendered":"Centro de ayuda"},"content":{"rendered":"\n<h2 class=\"wp-block-heading\"><strong>Hola, \u00bfEn que podemos ayudarte? <\/strong><\/h2>\n\n\n\n<figure class=\"wp-block-image size-large\"><img loading=\"lazy\" decoding=\"async\" width=\"1024\" height=\"512\" src=\"https:\/\/soporteyserviciosteletec.com\/wp-content\/uploads\/2021\/11\/banner-1-1024x512.png\" alt=\"banner teletec\" class=\"wp-image-483\" srcset=\"https:\/\/soporteyserviciosteletec.com\/wp-content\/uploads\/2021\/11\/banner-1-1024x512.png 1024w, https:\/\/soporteyserviciosteletec.com\/wp-content\/uploads\/2021\/11\/banner-1-300x150.png 300w, https:\/\/soporteyserviciosteletec.com\/wp-content\/uploads\/2021\/11\/banner-1-768x384.png 768w, https:\/\/soporteyserviciosteletec.com\/wp-content\/uploads\/2021\/11\/banner-1-1536x768.png 1536w\" sizes=\"auto, (max-width: 1024px) 100vw, 1024px\" \/><\/figure>\n\n\n\n<h2 class=\"wp-block-heading\">\u00bfCon que paquetes de Internet cuentan?<\/h2>\n\n\n\n<p><strong>Actualmente manejando 3 paquetes de Internet.<\/strong><\/p>\n\n\n\n<ul class=\"wp-block-list\"><li>3 megas de velocidad<\/li><li>5 megas de velocidad<\/li><li>10 megas de velocidad<\/li><\/ul>\n\n\n\n<p><strong>Pregunta por nuestros precios y promociones sin compromisos.<\/strong><\/p>\n\n\n\n<hr class=\"wp-block-separator has-css-opacity\"\/>\n\n\n\n<h2 class=\"wp-block-heading\">\u00bfLugares con cobertura de Internet?<\/h2>\n\n\n\n<ul class=\"wp-block-list\"><li>Autl\u00e1n: Villas Taurinas, Las am\u00e9ricas, Vergel, Coajinque, centro Autl\u00e1n y mas.<\/li><li>Ayutita<\/li><li>Lienzo charro y sus alrededores.<\/li><li>Ahuacap\u00e1n<\/li><li>Tecomatl\u00e1n<\/li><li>Corcovado<\/li><li>Mezquit\u00e1n<\/li><li>El Grullo<\/li><\/ul>\n\n\n\n<hr class=\"wp-block-separator has-css-opacity\"\/>\n\n\n\n<h2 class=\"wp-block-heading\">\u00bfQue pasa si ya cuento con antena?<\/h2>\n\n\n\n<p><strong><em>No es necesario volver a comprar equipos nuevos<\/em><\/strong>, tus equipos <strong><em>se someten a revisi\u00f3n<\/em><\/strong> para verificar que sean <strong><em>compatibles con nuestros equipos<\/em><\/strong>. En dado caso de ser compatible se paga solamente el servicio de configuraci\u00f3n.<\/p>\n\n\n\n<hr class=\"wp-block-separator has-css-opacity\"\/>\n\n\n\n<h2 class=\"wp-block-heading\">\u00bfQuiero tu servicio, que tengo que hacer?<\/h2>\n\n\n\n<p>Es necesario m\u00e1ndar una<strong> foto<\/strong> de t\u00fa <strong>INE<\/strong> y <strong>comprobante de domicilio<\/strong> al n\u00famero <strong>315-105-1798<\/strong>. Tambi\u00e9n puedes entrar a nuestra p\u00e1gina de<strong><a href=\"https:\/\/www.facebook.com\/TeletecServiceAutlan\"> Facebook <\/a><\/strong>y dejarnos tus datos en un mensaje para contactarnos contigo a la brevedad. TEL: 317-688-1107<\/p>\n\n\n\n<hr class=\"wp-block-separator has-css-opacity\"\/>\n\n\n\n<h2 class=\"wp-block-heading\">\u00bfDiferentes tipos de servicios?<\/h2>\n\n\n\n<ul class=\"wp-block-list\"><li>Paneles Solares interconectados a CFE (reduce tu $ recibo de luz) <\/li><li>Instalaci\u00f3n de torres de comunicaci\u00f3n<\/li><li>Venta de equipo de computo<\/li><li>Venta y asesoramiento de punto de venta<\/li><li>Redes y cableado estructurado<\/li><li>Mantenimiento de equipos de computo<\/li><li>Formateos de PC<\/li><\/ul>\n\n\n\n<hr class=\"wp-block-separator has-css-opacity\"\/>\n\n\n\n<div class=\"wp-block-columns is-layout-flex wp-container-core-columns-is-layout-9d6595d7 wp-block-columns-is-layout-flex\">\n<div class=\"wp-block-column is-layout-flow wp-block-column-is-layout-flow\">\n<h2 class=\"wp-block-heading\">\u00bfTienes m\u00e1s dudas o alguna pregunta en especial?<\/h2>\n\n\n\n<p><strong>Cont\u00e1ctanos llenando el siguiente formulario.<\/strong><\/p>\n<\/div>\n\n\n\n<div class=\"wp-block-column is-layout-flow wp-block-column-is-layout-flow\"><div role=\"form\" class=\"wpcf7\" id=\"wpcf7-f408-o1\" lang=\"es-MX\" dir=\"ltr\">\n<div class=\"screen-reader-response\"><p role=\"status\" aria-live=\"polite\" aria-atomic=\"true\"><\/p> <ul><\/ul><\/div>\n<form action=\"\/index.php\/wp-json\/wp\/v2\/pages\/162#wpcf7-f408-o1\" method=\"post\" class=\"wpcf7-form init\" novalidate=\"novalidate\" data-status=\"init\">\n<div style=\"display: none;\">\n<input type=\"hidden\" name=\"_wpcf7\" value=\"408\" \/>\n<input type=\"hidden\" name=\"_wpcf7_version\" value=\"5.6.4\" \/>\n<input type=\"hidden\" name=\"_wpcf7_locale\" value=\"es_MX\" \/>\n<input type=\"hidden\" name=\"_wpcf7_unit_tag\" value=\"wpcf7-f408-o1\" \/>\n<input type=\"hidden\" name=\"_wpcf7_container_post\" value=\"0\" \/>\n<input type=\"hidden\" name=\"_wpcf7_posted_data_hash\" value=\"\" \/>\n<\/div>\n<p><label> Tu nombre (Obligatorio)<br \/>\n    <span class=\"wpcf7-form-control-wrap\" data-name=\"your-name\"><input type=\"text\" name=\"your-name\" value=\"\" size=\"40\" class=\"wpcf7-form-control wpcf7-text wpcf7-validates-as-required\" aria-required=\"true\" aria-invalid=\"false\" \/><\/span> <\/label><\/p>\n<p><label> Tu correo electr\u00f3nico (Obligatorio)<br \/>\n    <span class=\"wpcf7-form-control-wrap\" data-name=\"your-email\"><input type=\"email\" name=\"your-email\" value=\"\" size=\"40\" class=\"wpcf7-form-control wpcf7-text wpcf7-email wpcf7-validates-as-required wpcf7-validates-as-email\" aria-required=\"true\" aria-invalid=\"false\" \/><\/span> <\/label><\/p>\n<p><label> Tu n\u00famero de Tel\u00e9fono<br \/>\n   <span class=\"wpcf7-form-control-wrap\" data-name=\"telefono\"><input type=\"tel\" name=\"telefono\" value=\"\" size=\"40\" class=\"wpcf7-form-control wpcf7-text wpcf7-tel wpcf7-validates-as-tel\" aria-invalid=\"false\" \/><\/span><\/label><\/p>\n<p><label> Tu mensaje<br \/>\n    <span class=\"wpcf7-form-control-wrap\" data-name=\"your-message\"><textarea name=\"your-message\" cols=\"40\" rows=\"10\" class=\"wpcf7-form-control wpcf7-textarea\" aria-invalid=\"false\"><\/textarea><\/span> <\/label><\/p>\n<p>[anr_nocaptcha g-recaptcha-response]<\/p>\n<p><input type=\"submit\" value=\"Enviar\" class=\"wpcf7-form-control has-spinner wpcf7-submit\" \/><\/p>\n<div class=\"wpcf7-response-output\" aria-hidden=\"true\"><\/div><\/form><\/div>\n<\/div>\n<\/div>\n\n\n\n<p><strong>FET101189CO-520273<\/strong><\/p>\n","protected":false},"excerpt":{"rendered":"<p>Hola, \u00bfEn que podemos ayudarte? \u00bfCon que paquetes de Internet cuentan? Actualmente manejando 3 paquetes de Internet. 3 megas de velocidad 5 megas de velocidad 10 megas de velocidad Pregunta<\/p>\n<p><a href=\"https:\/\/soporteyserviciosteletec.com\/index.php\/faq\/\" class=\"more-link\">Continue Reading<span class=\"screen-reader-text\">Centro de ayuda<\/span><\/a><\/p>\n","protected":false},"author":1,"featured_media":0,"parent":0,"menu_order":0,"comment_status":"closed","ping_status":"closed","template":"","meta":{"footnotes":""},"class_list":["post-162","page","type-page","status-publish","hentry"],"_links":{"self":[{"href":"https:\/\/soporteyserviciosteletec.com\/index.php\/wp-json\/wp\/v2\/pages\/162","targetHints":{"allow":["GET"]}}],"collection":[{"href":"https:\/\/soporteyserviciosteletec.com\/index.php\/wp-json\/wp\/v2\/pages"}],"about":[{"href":"https:\/\/soporteyserviciosteletec.com\/index.php\/wp-json\/wp\/v2\/types\/page"}],"author":[{"embeddable":true,"href":"https:\/\/soporteyserviciosteletec.com\/index.php\/wp-json\/wp\/v2\/users\/1"}],"replies":[{"embeddable":true,"href":"https:\/\/soporteyserviciosteletec.com\/index.php\/wp-json\/wp\/v2\/comments?post=162"}],"version-history":[{"count":45,"href":"https:\/\/soporteyserviciosteletec.com\/index.php\/wp-json\/wp\/v2\/pages\/162\/revisions"}],"predecessor-version":[{"id":525,"href":"https:\/\/soporteyserviciosteletec.com\/index.php\/wp-json\/wp\/v2\/pages\/162\/revisions\/525"}],"wp:attachment":[{"href":"https:\/\/soporteyserviciosteletec.com\/index.php\/wp-json\/wp\/v2\/media?parent=162"}],"curies":[{"name":"wp","href":"https:\/\/api.w.org\/{rel}","templated":true}]}}