{"id":349,"date":"2021-07-24T17:04:44","date_gmt":"2021-07-24T17:04:44","guid":{"rendered":"https:\/\/soporteyserviciosteletec.com\/?post_type=product&#038;p=349"},"modified":"2021-07-26T16:31:40","modified_gmt":"2021-07-26T16:31:40","slug":"litebeam-ac-gen2","status":"publish","type":"product","link":"https:\/\/soporteyserviciosteletec.com\/index.php\/producto\/litebeam-ac-gen2\/","title":{"rendered":"Litebeam AC GEN2"},"content":{"rendered":"<h3>Radio Wi-Fi de administraci\u00f3n.<\/h3>\n<p>El LiteBeam\u00ae AC integra un radio Wi-Fi separado para una configuraci\u00f3n r\u00e1pida y f\u00e1cil usando un dispositivo m\u00f3vil.<\/p>\n<p><img loading=\"lazy\" decoding=\"async\" class=\"alignnone size-full wp-image-327\" src=\"https:\/\/soporteyserviciosteletec.com\/wp-content\/uploads\/2021\/07\/litebeam-features-mobile2.webp\" alt=\"\" width=\"433\" height=\"390\" srcset=\"https:\/\/soporteyserviciosteletec.com\/wp-content\/uploads\/2021\/07\/litebeam-features-mobile2.webp 433w, https:\/\/soporteyserviciosteletec.com\/wp-content\/uploads\/2021\/07\/litebeam-features-mobile2-300x270.webp 300w\" sizes=\"auto, (max-width: 433px) 100vw, 433px\" \/><\/p>\n<h3>Montaje mejorado y protecci\u00f3n anti-est\u00e1tica.<\/h3>\n<p>Con una protecci\u00f3n mejorada contra los eventos ESD, el LiteBeam\u00ae AC ofrece un montaje m\u00e1s robusto con ajustes separados de azimut y elevaci\u00f3n.<\/p>\n<p><img loading=\"lazy\" decoding=\"async\" class=\"alignnone size-full wp-image-328\" src=\"https:\/\/soporteyserviciosteletec.com\/wp-content\/uploads\/2021\/07\/litebeam-features-surge.jpg\" alt=\"\" width=\"433\" height=\"390\" srcset=\"https:\/\/soporteyserviciosteletec.com\/wp-content\/uploads\/2021\/07\/litebeam-features-surge.jpg 433w, https:\/\/soporteyserviciosteletec.com\/wp-content\/uploads\/2021\/07\/litebeam-features-surge-300x270.jpg 300w\" sizes=\"auto, (max-width: 433px) 100vw, 433px\" \/><\/p>\n<h3>Ahora con airOS\u00ae8 y airView\u00ae.<\/h3>\n<p>airOS\u00ae8 ofrece funciones potentes, que incluyen compatibilidad con el protocolo airMAX\u00ae AC, an\u00e1lisis de RF en tiempo real y un dise\u00f1o completamente nuevo para una mejor usabilidad.<\/p>\n<p><a href=\"https:\/\/soporteyserviciosteletec.com\/wp-content\/uploads\/2021\/07\/litebeam-ac-features-airviewvgen2.webp\"><img loading=\"lazy\" decoding=\"async\" class=\"alignnone size-full wp-image-370\" src=\"https:\/\/soporteyserviciosteletec.com\/wp-content\/uploads\/2021\/07\/litebeam-ac-features-airviewvgen2.webp\" alt=\"\" width=\"1100\" height=\"295\" srcset=\"https:\/\/soporteyserviciosteletec.com\/wp-content\/uploads\/2021\/07\/litebeam-ac-features-airviewvgen2.webp 1100w, https:\/\/soporteyserviciosteletec.com\/wp-content\/uploads\/2021\/07\/litebeam-ac-features-airviewvgen2-600x161.webp 600w, https:\/\/soporteyserviciosteletec.com\/wp-content\/uploads\/2021\/07\/litebeam-ac-features-airviewvgen2-300x80.webp 300w, https:\/\/soporteyserviciosteletec.com\/wp-content\/uploads\/2021\/07\/litebeam-ac-features-airviewvgen2-1024x275.webp 1024w, https:\/\/soporteyserviciosteletec.com\/wp-content\/uploads\/2021\/07\/litebeam-ac-features-airviewvgen2-768x206.webp 768w\" sizes=\"auto, (max-width: 1100px) 100vw, 1100px\" \/><\/a><\/p>\n<h3>Dise\u00f1o industrial e instalaci\u00f3n sencilla.<\/h3>\n<p>Con la libertad de alienaci\u00f3n de tres ejes, el LiteBeam\u00ae AC se ensambla completamente en segundos, sin necesidad de herramientas. Solo se requiere una llave para montaje en el poste.<\/p>\n<p><img loading=\"lazy\" decoding=\"async\" class=\"alignnone size-full wp-image-329\" src=\"https:\/\/soporteyserviciosteletec.com\/wp-content\/uploads\/2021\/07\/LiteBeam-Mount2.gif\" alt=\"\" width=\"641\" height=\"372\" \/><\/p>\n","protected":false},"excerpt":{"rendered":"<p><strong>Caracter\u00edsticas:<\/strong><\/p>\n<ul>\n<li>Anchos de canal ajustable:<\/li>\n<\/ul>\n<ol>\n<li>PtP: 10\/20\/30\/40\/50\/60\/80 MHz.<\/li>\n<li>PtMP: 10\/20\/30\/40 MHz.<\/li>\n<\/ol>\n<ul>\n<li>Procesador MIPS.<\/li>\n<li>Fuerte seguridad WPA2 AES.<\/li>\n<li>Alto desempe\u00f1o.<\/li>\n<li>Dise\u00f1o integrado.<\/li>\n<li>Radio de administraci\u00f3n en 2.4 GHz.<\/li>\n<li>SNR mejorado.<\/li>\n<li>Inmunidad al ruido mejorada.<\/li>\n<\/ul>\n<p><strong>Incluye:<\/strong><\/p>\n<ul>\n<li>Adaptador PoE Gigabit 24 Vcc 0.3 A.<\/li>\n<li>Montaje en poste o m\u00e1stil.<\/li>\n<\/ul>\n<p> &hellip; <\/p>\n<p><a href=\"https:\/\/soporteyserviciosteletec.com\/index.php\/producto\/litebeam-ac-gen2\/\" class=\"more-link\">Continue Reading<span class=\"screen-reader-text\">Litebeam AC GEN2<\/span><\/a><\/p>\n","protected":false},"featured_media":274,"comment_status":"open","ping_status":"closed","template":"","meta":[],"product_cat":[44],"product_tag":[],"class_list":["post-349","product","type-product","status-publish","has-post-thumbnail","hentry","product_cat-antenas"],"_links":{"self":[{"href":"https:\/\/soporteyserviciosteletec.com\/index.php\/wp-json\/wp\/v2\/product\/349","targetHints":{"allow":["GET"]}}],"collection":[{"href":"https:\/\/soporteyserviciosteletec.com\/index.php\/wp-json\/wp\/v2\/product"}],"about":[{"href":"https:\/\/soporteyserviciosteletec.com\/index.php\/wp-json\/wp\/v2\/types\/product"}],"replies":[{"embeddable":true,"href":"https:\/\/soporteyserviciosteletec.com\/index.php\/wp-json\/wp\/v2\/comments?post=349"}],"wp:featuredmedia":[{"embeddable":true,"href":"https:\/\/soporteyserviciosteletec.com\/index.php\/wp-json\/wp\/v2\/media\/274"}],"wp:attachment":[{"href":"https:\/\/soporteyserviciosteletec.com\/index.php\/wp-json\/wp\/v2\/media?parent=349"}],"wp:term":[{"taxonomy":"product_cat","embeddable":true,"href":"https:\/\/soporteyserviciosteletec.com\/index.php\/wp-json\/wp\/v2\/product_cat?post=349"},{"taxonomy":"product_tag","embeddable":true,"href":"https:\/\/soporteyserviciosteletec.com\/index.php\/wp-json\/wp\/v2\/product_tag?post=349"}],"curies":[{"name":"wp","href":"https:\/\/api.w.org\/{rel}","templated":true}]}}